et g(o) = -2*o**2 - o - 2. Give g(k).
-8
Let g(v) = -v**2 + 7*v - 2. Let q(l) = l + 12. Let j be q(-5). Calculate g(j).
-2
Let q = -7 + 6. Let l(v) = -8 + 1 + 3 + 4*v. Let f(r) = r. Let n(j) = q*l(j) + 3*f(j). What is n(3)?
1
Let t = 4 + -4. Suppose t = 2*k + 6, -4*p + 3*k = -k - 32. Let w(v) be the third derivative of -v**5/60 + v**4/6 + v**3/2 + v**2. What is w(p)?
-2
Let w(g) = -g**3 - 2*g**2 + g - 4. Let i = -30 + 27. Give w(i).
2
Let t(i) = -15*i**3 + 1. Let j be (-3)/(-2)*10/75*-5. What is t(j)?
16
Let o(k) = -2*k**3 - 4*k**2 - 2*k + 1. Suppose -3*m - 38 = -2*z, -5*z = 3*m - 61 - 13. Let c = 14 - z. Give o(c).
5
Let h(a) = -2*a**3 + a**2 - 3*a + 1. Let w be h(1). Let b(z) = -z**3 - 2*z**2 + 2*z - 1. Determine b(w).
2
Let s(k) = k**2 - 10*k + 3. Let m(a) = a**2 - 9*a + 4. Let c be 2*1*3/(-3). Let l(i) = c*s(i) + 3*m(i). What is l(6)?
0
Suppose 3*t + 3*v = 2 + 16, 4*t - 6 = 2*v. Let o be (-1 + -3)*t/(-6). Let p(x) = -2*x**3 + x**2 + 3*x - 3. Calculate p(o).
-9
Let q(h) be the first derivative of -h**4/4 + h**3/3 + h**2/2 + h + 25. Give q(0).
1
Let d(c) be the third derivative of c**4/24 + c**3 - 2*c**2. Let b(g) = g**2 - 3*g - 1. Let y be b(4). Suppose y*w - 7 + 25 = 0. Give d(w).
0
Let x = -1 + -3. Let a(s) = -s - 2. What is a(x)?
2
Let o(r) = -5*r**2 - 5*r - 7. Let p(x) = 6*x**2 + 5*x + 8. Let m(l) = 5*o(l) + 4*p(l). Give m(-5).
-3
Let q(l) = l**3 - 5*l**2 + 3*l + 5. Suppose 3*b = -2*z - 1 - 1, 5*z - 13 = -3*b. Let d(j) = -j**2 - 6*j - 4. Let w be d(b). Give q(w).
1
Let w(k) be the first derivative of -k**4/4 - k**3/3 + 3*k**2/2 + k + 55. What is w(-2)?
-1
Let p(s) = -2*s**2 + 3*s - 4. Let c(w) = -w**2 - w - 1. Let l(u) = -3*c(u) + p(u). Let m be l(-6). Let z(q) = -7*q - 1. Calculate z(m).
6
Let p(l) = 22*l**2 - 2*l + 1. Let q be p(1). Suppose 0 = 3*n + 6*t - 5*t + 3, 3*n = 5*t - q. Let r(k) = 2*k**3 + 3*k**2 + k. Calculate r(n).
-6
Let l(j) = -4*j**3 + 8*j**3 - 2*j - j**2 + 6*j**2 - 5*j**3. Give l(5).
-10
Let b(x) be the second derivative of 3*x**3/2 + x**2/2 + 8*x. Suppose 2*n + t = 0, n = 3*n - 3*t - 8. Give b(n).
10
Let k(j) = -11*j - 7. Let s(q) = -11*q - 8. Let w(y) = -7*k(y) + 6*s(y). Suppose -f - 5 = -4. What is w(f)?
-10
Let w(q) = -6 + 2 - q + 1 + q**2. Let v be w(3). Let g(b) = b**2 - b + v + 0*b - 2*b**2. Determine g(-4).
-9
Let j(w) be the first derivative of -2 + 1/20*w**5 + 1/2*w**2 - 2/3*w**3 + w + 1/4*w**4. Let i(f) be the first derivative of j(f). What is i(-4)?
1
Let l(g) = -2*g + 0*g + 18 - 22. Calculate l(-5).
6
Let b(s) = -s**3 - 7*s**2 + 7*s - 5. Let u be b(-8). Let c be u - -1 - (0 + 3). Let i(k) = 1 - 3*k**2 + 2*k**2 + k + 11*k**3 - 2*k. Give i(c).
10
Let y(a) = -6 + 4*a + 0*a - 3*a. What is y(0)?
-6
Let v = 6 + -2. Suppose v*d - 3*j - 61 = -0*d, d = j + 16. Suppose 3*a + 5*h + 27 = -0*a, -h = -4*a - d. Let r(t) = -t + 1. Give r(a).
5
Let c(j) = 15 - 2*j**2 - 20 + 11*j + j**2 - 10. What is c(10)?
-5
Let a(d) = 4*d**3 + d - d**2 + 0*d**2 - 3*d**3. Give a(1).
1
Let o = -1 + 0. Let t(f) = -f. Let l be t(-5). Let x(m) = -m**2 + 4*m**2 - l*m**2 - 1. Calculate x(o).
-3
Suppose 4*c + 16 = 2*y - 7*y, 0 = -4*y + c + 4. Let b(d) be the second derivative of -d + y + 1/6*d**3 + 7/2*d**2. Determine b(-3).
4
Let h(m) = -m**2 - 7*m + 2. Let w(b) = 2*b + 1. Let a be w(-4). Calculate h(a).
2
Let g be (8/(-28))/((-45)/21 - -2). Let w(j) = -2*j**3 + 0*j**2 + 3 - 4*j + 4*j**2 + 0*j. What is w(g)?
-5
Let t(y) = 4*y**2 + 2*y - 5*y**2 + 0 - 3 + 0*y**2 + y**3. Determine t(2).
5
Let x(g) be the second derivative of -g**4/12 + 5*g**3/6 + g**2/2 + 3*g. Let h be (1 + -5)/1*-1. Calculate x(h).
5
Let n(y) be the third derivative of -y**4/24 + y**3/3 - 8*y**2. Let u = 6 + -3. What is n(u)?
-1
Suppose -5*q + q - 3*l - 30 = 0, 0 = q + 3*l + 3. Let u = 14 + q. Let b(s) = s**2 - 4*s + 4. Calculate b(u).
9
Suppose -x - v - 2 - 3 = 0, 4*x = -3*v - 20. Let b(s) = -4*s**3 - 8*s**2 + 3*s + 6. Let m(u) = -u**3 - u**2 + u. Let i(h) = -b(h) + 3*m(h). Determine i(x).
-6
Let h(d) = d - 3. Let p be h(3). Let y(w) = -w**3 - w - 5. What is y(p)?
-5
Let u(q) = q**2 - q - 1. Let r(b) = b**3 + 4*b**2 + 3*b - 4. Let n(o) = r(o) + 5*u(o). Calculate n(-9).
9
Let k(v) = -3*v**3 - v**2 - 5*v**2 + 0*v**3 - v + 4*v**3 + 5. Calculate k(6).
-1
Let z(u) = -2*u - u**3 - 8*u**2 - 4*u + 10 - 4. What is z(-7)?
-1
Suppose 7 = -4*i - 5. Let v(o) = 4*o**2 - 1 + 0 - 1 + o**3. What is v(i)?
7
Let l be 18 - 11 - (4 + -1). Let k(w) = -w**3 + 4*w**2 + 2*w + 2. Calculate k(l).
10
Let d(f) be the first derivative of -f**3 - 17. Give d(1).
-3
Suppose -5*j - k = -25, 2*k - 50 = -5*j + 6*k. Let x(d) = -2*d + 5*d**2 - d**3 + 5 + 1 + 3*d + 5*d. Calculate x(j).
6
Let h(g) = 0 - 2 - 1 + 2 + g**2. Determine h(-3).
8
Let n(c) = 0*c**2 - 7 - 2*c**2 + 0*c**3 + 7*c**3. Let j(i) = 6*i**3 - i**2 - 6. Let h(g) = 6*j(g) - 5*n(g). Let z = -2 + -2. Calculate h(z).
-1
Let w(p) = 3*p - 10. Let c(l) = 5*l - 20. Let i(g) = -4*c(g) + 7*w(g). Let u be 16/(-12) - 55/15. Give i(u).
5
Let n(j) = -j**3 + 4*j**2 - 3*j + 1. Let x be n(3). Let b(r) = 4*r**2 - 16*r. Let f(h) = h**2 - 3*h. Let p(t) = 2*b(t) - 11*f(t). Determine p(x).
-2
Suppose -3*h + 2 = -h. Let z(l) = 3*l**2 - 2*l + 1. Calculate z(h).
2
Suppose -4*z - z - 17 = -j, 22 = 2*j + 2*z. Let o(p) = 3 - j + 5 + 7*p + 5. What is o(-1)?
-6
Let i be (0 + -2*1)/((-70)/105). Let y(o) be the second derivative of -1/6*o**i + 0 - 1/12*o**4 - 4*o + 3*o**2. What is y(0)?
6
Let v(y) = -y + 2 + 2*y - 2*y. Let x(h) = -28*h + 173. Let m be x(6). Give v(m).
-3
Suppose -v + 3*v - 6 = 0. Let h(w) = 5*w**2 - 5 - w - w**3 - 3*w + 0*w**v. Give h(4).
-5
Let t(x) = x**2 - 7*x + 7. Let n(s) = -s**2 + 7*s - 6. Let z(v) = -3*n(v) - 2*t(v). Let j be (5/4)/(2/8). Determine z(j).
-6
Let u(y) be the second derivative of -y**5/20 + y**3/6 - 7*y**2/2 + 2*y. Suppose 5*m + 15 = 3*o, 5 = -5*o - m + 2. Calculate u(o).
-7
Let p(c) = -c**3 - c + 6. Suppose 13 = 4*l - 11. Let m(a) = -a - 1. Let b(f) = 4*f + 11. Let r(n) = -b(n) - 5*m(n). Let u be r(l). Calculate p(u).
6
Suppose 2*f - 10 = 0, -p = -6*p + f - 5. Let k(g) = -g**2 + 5. Determine k(p).
5
Suppose u - 4 = -3*r, 4*u + 6*r - 16 = 2*r. Let w(i) = 4 - u + i - 1. Calculate w(-3).
-4
Let p(f) = -8 - 2*f + 0*f - f + 5. Calculate p(-5).
12
Let x(w) = w**3 - 9*w**2 - 14*w + 2. Let p(h) = -3*h**3 + 27*h**2 + 41*h - 6. Let r(s) = 3*p(s) + 8*x(s). Determine r(10).
8
Let k(v) = v**2 + 5*v - 4. Let c be k(-6). Let r be ((-15)/4)/(-1)*4. Let s(j) = -r + 4*j - c*j - j + 6. Determine s(5).
-4
Suppose -4*d + 4 = -2*d. Let r(z) = 0 + 3 - d*z + 3*z. Let m = -11 + 8. Determine r(m).
0
Let s(y) be the second derivative of -y**3/6 + 3*y**2 + 12*y. Give s(7).
-1
Let m(h) = h**3 - 7*h**2 + 10*h - 9. Suppose 0*f + 5*f + 8 = -4*q, 3*q - 3*f - 21 = 0. Suppose -21 = -q*b - 3. What is m(b)?
15
Let a(d) = -33*d - d**2 + 1 + 28*d - 3. Give a(-5).
-2
Let m(a) = -a**2 + 3*a - 3. Suppose 0 = 2*d - 5 + 1. Let f be 38/14 - 4/(-14). Suppose -d*u = -f - 1. Calculate m(u).
-1
Let o(s) = 9*s + 1. Let g(f) be the first derivative of f**2/2 - f + 4. Let d(b) = -6*g(b) + o(b). Calculate d(-5).
-8
Let h(w) = 7*w - 1. Let q = -5 - -4. Let s be q + 2 + (2 - 2). Let l be (0 - 2)/1 + s. Calculate h(l).
-8
Let x(u) = -u + 2. Let b be x(0). Suppose -k + 8 = -b*n, 7*n = 3*k + 2*n - 23. Let w(y) = y**2 - 6*y - 8. Determine w(k).
-8
Let w(h) be the first derivative of h**2/2 - 9*h + 19. Calculate w(-7).
-16
Let n(l) = l - 5. Suppose 29*z = 34*z - 40. What is n(z)?
3
Suppose -34 = 4*n - 10. Let r be n/8 - 17/4. Let o(u) = u + 4. Determine o(r).
-1
Let m be 2/7 - (-400)/70. Let p(u) = -u**2 + 9*u - 9. Determine p(m).
9
Let x(y) = 2*y**2 - 4*y + 2. Let u be 2 + (-1 - (-4)/2). Suppose v - 3 = -u*h - h, 2*h = -3*v + 9. Give x(v).
8
Let a(q) = -7*q**2 - q - 5. Let g(v) = 0*v + 0*v**2 - v + v**2 - 2*v**2. Let f(p) = -a(p) + 6*g(p). Determine f(6).
11
Suppose -5 = -8*c + 3*c. Let r(u) = -2*u - 3. Let g(h) = -5*h - 7. Let a(v) = -3*g(v) + 7*r(v). What is a(c)?
1
Let g(b) be the second derivative of b**3/2 + 2*b**2 - 2*b. Suppose -2*c = 2*k + 2, k + 3*c + 15 = 4*k. Let v = -6 + k. Determine g(v).
-8
Let c(x) = -x + 3. Let r(a) = a. Let d(i) = c(i) + 2*r(i). What is d(-6)?
-3
Let c(k) be the first derivative of k**3/3 - 7*k**2/2 - 3*k + 14. Give c(4).
-15
Let v = -1 - -1. Let f = -108 + 111. Let